s of 32690.
2, 5, 7, 467
List the prime factors of 59830.
2, 5, 31, 193
List the prime factors of 84649.
84649
What are the prime factors of 599?
599
What are the prime factors of 1084?
2, 271
What are the prime factors of 777?
3, 7, 37
What are the prime factors of 1019?
1019
List the prime factors of 919.
919
What are the prime factors of 20773?
20773
List the prime factors of 2451.
3, 19, 43
What are the prime factors of 4073?
4073
List the prime factors of 11223.
3, 29, 43
List the prime factors of 9011.
9011
List the prime factors of 25147.
25147
List the prime factors of 28305.
3, 5, 17, 37
List the prime factors of 33.
3, 11
What are the prime factors of 3830?
2, 5, 383
What are the prime factors of 62153?
7, 13, 683
What are the prime factors of 1083?
3, 19
What are the prime factors of 94464?
2, 3, 41
What are the prime factors of 36973?
36973
What are the prime factors of 6696?
2, 3, 31
List the prime factors of 9606.
2, 3, 1601
What are the prime factors of 1839?
3, 613
What are the prime factors of 3736?
2, 467
What are the prime factors of 44476?
2, 11119
What are the prime factors of 1814?
2, 907
What are the prime factors of 84835?
5, 19, 47
List the prime factors of 20948.
2, 5237
List the prime factors of 1668.
2, 3, 139
List the prime factors of 5757.
3, 19, 101
What are the prime factors of 140?
2, 5, 7
What are the prime factors of 52698?
2, 3, 8783
What are the prime factors of 7146?
2, 3, 397
What are the prime factors of 3379?
31, 109
List the prime factors of 11833.
11833
What are the prime factors of 264?
2, 3, 11
List the prime factors of 59838.
2, 3, 9973
List the prime factors of 34550.
2, 5, 691
What are the prime factors of 10758?
2, 3, 11, 163
List the prime factors of 4123.
7, 19, 31
List the prime factors of 922.
2, 461
What are the prime factors of 1062?
2, 3, 59
List the prime factors of 3117.
3, 1039
List the prime factors of 3367.
7, 13, 37
What are the prime factors of 46461?
3, 17, 911
List the prime factors of 325.
5, 13
List the prime factors of 4362.
2, 3, 727
List the prime factors of 12070.
2, 5, 17, 71
What are the prime factors of 1008?
2, 3, 7
What are the prime factors of 18662?
2, 7, 31, 43
List the prime factors of 8438.
2, 4219
What are the prime factors of 2027?
2027
What are the prime factors of 36826?
2, 18413
What are the prime factors of 577?
577
List the prime factors of 13957.
17, 821
What are the prime factors of 34502?
2, 13, 1327
What are the prime factors of 11?
11
What are the prime factors of 1934?
2, 967
List the prime factors of 17647.
7, 2521
What are the prime factors of 674?
2, 337
List the prime factors of 36989.
47, 787
List the prime factors of 23701.
137, 173
What are the prime factors of 35860?
2, 5, 11, 163
What are the prime factors of 4761?
3, 23
List the prime factors of 612.
2, 3, 17
List the prime factors of 850.
2, 5, 17
List the prime factors of 13042.
2, 6521
List the prime factors of 2351.
2351
What are the prime factors of 2588?
2, 647
List the prime factors of 677.
677
List the prime factors of 41686.
2, 19, 1097
What are the prime factors of 325?
5, 13
List the prime factors of 14253.
3, 4751
What are the prime factors of 4340?
2, 5, 7, 31
What are the prime factors of 61974?
2, 3, 11, 313
List the prime factors of 10305.
3, 5, 229
What are the prime factors of 86401?
7, 12343
List the prime factors of 22349.
22349
What are the prime factors of 20125?
5, 7, 23
List the prime factors of 8142.
2, 3, 23, 59
What are the prime factors of 1624?
2, 7, 29
What are the prime factors of 4347?
3, 7, 23
What are the prime factors of 40685?
5, 79, 103
List the prime factors of 71166.
2, 3, 29, 409
What are the prime factors of 3991?
13, 307
List the prime factors of 32425.
5, 1297
List the prime factors of 4235.
5, 7, 11
List the prime factors of 43434.
2, 3, 19, 127
What are the prime factors of 146790?
2, 3, 5, 7, 233
List the prime factors of 2100.
2, 3, 5, 7
List the prime factors of 65356.
2, 16339
List the prime factors of 37957.
37957
List the prime factors of 36247.
67, 541
What are the prime factors of 58552?
2, 13, 563
What are the prime factors of 2670?
2, 3, 5, 89
What are the prime factors of 41087?
181, 227
List the prime factors of 3603.
3, 1201
What are the prime factors of 12579?
3, 7, 599
What are the prime factors of 8101?
8101
List the prime factors of 639.
3, 71
What are the prime factors of 1249?
1249
What are the prime factors of 24292?
2, 6073
List the prime factors of 1473.
3, 491
What are the prime factors of 37954?
2, 7, 2711
What are the prime factors of 40154?
2, 17, 1181
List the prime factors of 12234.
2, 3, 2039
What are the prime factors of 6131?
6131
What are the prime factors of 9003?
3, 3001
What are the prime factors of 2394?
2, 3, 7, 19
List the prime factors of 32612.
2, 31, 263
List the prime factors of 338.
2, 13
What are the prime factors of 4737?
3, 1579
What are the prime factors of 17691?
3, 5897
What are the prime factors of 17357?
17, 1021
List the prime factors of 4175.
5, 167
List the prime factors of 1330.
2, 5, 7, 19
What are the prime factors of 6100?
2, 5, 61
What are the prime factors of 53?
53
What are the prime factors of 8906?
2, 61, 73
List the prime factors of 19936.
2, 7, 89
What are the prime factors of 12082?
2, 7, 863
List the prime factors of 5381.
5381
List the prime factors of 8486.
2, 4243
What are the prime factors of 19043?
137, 139
What are the prime factors of 48131?
48131
List the prime factors of 1829.
31, 59
What are the prime factors of 4035?
3, 5, 269
What are the prime factors of 51054?
2, 3, 67, 127
What are the prime factors of 41532?
2, 3, 3461
What are the prime factors of 10807?
101, 107
List the prime factors of 7463.
17, 439
List the prime factors of 688.
2, 43
List the prime factors of 4067.
7, 83
What are the prime factors of 1878?
2, 3, 313
What are the prime factors of 15202?
2, 11, 691
List the prime factors of 121.
11
What are the prime factors of 825?
3, 5, 11
List the prime factors of 3217.
3217
What are the prime factors of 9037?
7, 1291
List the prime factors of 17224.
2, 2153
What are the prime factors of 732?
2, 3, 61
What are the prime factors of 2347?
2347
What are the prime factors of 300?
2, 3, 5
List the prime factors of 2564.
2, 641
What are the prime factors of 4162?
2, 2081
What are the prime factors of 2214?
2, 3, 41
List the prime factors of 81267.
3, 103, 263
List the prime factors of 956.
2, 239
What are the prime factors of 995?
5, 199
What are the prime factors of 1809?
3, 67
What are the prime factors of 4859?
43, 113
What are the prime factors of 1316?
2, 7, 47
List the prime factors of 9795.
3, 5, 653
What are the prime factors of 56016?
2, 3, 389
What are the prime factors of 49782?
2, 3, 8297
List the prime factors of 82692.
2, 3, 2297
List the prime factors of 3730.
2, 5, 373
List the prime factors of 41708.
2, 10427
What are the prime factors of 4583?
4583
List the prime factors of 41671.
7, 5953
List the prime factors of 3231.
3, 359
List the prime factors of 1138.
2, 569
List the prime factors of 5274.
2, 3, 293
List the prime factors of 100338.
2, 3, 7, 2389
What are the prime factors of 1807?
13, 139
List the prime factors of 17256.
2, 3, 719
List the prime factors of 508.
2, 127
List the prime factors of 30376.
2, 3797
List the prime factors of 8909.
59, 151
What are the prime factors of 2831?
19, 149
What are the prime factors of 58188?
2, 3, 13, 373
What are the prime factors of 970?
2, 5, 97
What are the prime factors of 12475?
5, 499
What are the prime factors of 68652?
2, 3, 1907
List the prime factors of 18610.
2, 5, 1861
List the prime factors of 9854.
2, 13, 379
List the prime factors of 816.
2, 3, 17
List the prime factors of 1114.
2, 557
List the prime factors of 17619.
3, 7, 839
What are the prime factors of 1557?
3, 173
What are the prime factors of 1116?
2, 3, 31
What are the prime factors of 118336?
2, 43
What are the prime factors of 1134?
2, 3, 7
List the prime factors of 1385.
5, 277
What are the prime factors of 1094?
2, 547
List the prime factors of 6902.
2, 7, 17, 29
List the prime factors of 2024.
2, 11, 23
What are the prime factors of 4389?
3, 7, 11, 19
List the prime factors of 10328.
2, 1291
List the prime factors of 710